te number?
False
Is 7016299 prime?
False
Is 342303901 composite?
True
Is 11509481 composite?
True
Is 56699519 a composite number?
False
Is 553937 a prime number?
False
Is 384889 prime?
True
Is 24204767 a composite number?
False
Is 277716887 prime?
False
Is 20794633 a prime number?
False
Is 46110613 a prime number?
False
Is 120713647 a composite number?
True
Is 111126427 prime?
True
Is 9931109 a composite number?
False
Is 3282977 composite?
False
Is 6678731 a prime number?
False
Is 5334211 a composite number?
False
Is 77314327 prime?
False
Is 190961315 prime?
False
Is 2535367 a composite number?
False
Is 26902045 a prime number?
False
Is 5505527 composite?
False
Is 158827243 a prime number?
False
Is 62783345 a composite number?
True
Is 17856973 a composite number?
False
Is 86575561 composite?
True
Is 141883246 a composite number?
True
Is 23752163 a prime number?
False
Is 20064857 a prime number?
False
Is 3158443 a prime number?
True
Is 125211529 a composite number?
False
Is 31110341 a prime number?
False
Is 27594013 composite?
True
Is 3810899 a prime number?
True
Is 4791659 composite?
True
Is 19413107 prime?
False
Is 37304755 a prime number?
False
Is 25795195 prime?
False
Is 4068503 composite?
False
Is 2733143 a prime number?
False
Is 6528387 a composite number?
True
Is 485201 a composite number?
False
Is 105901813 a composite number?
False
Is 3185657 prime?
False
Is 2116421 composite?
True
Is 166008331 prime?
True
Is 130758181 a composite number?
False
Is 6679339 a prime number?
True
Is 764727227 a composite number?
True
Is 129160379 a prime number?
False
Is 41838383 a composite number?
True
Is 11330197 a composite number?
False
Is 19672309 a prime number?
True
Is 143159 composite?
False
Is 3488909 a composite number?
True
Is 108606853 a composite number?
False
Is 66191 a composite number?
False
Is 2807629 a composite number?
True
Is 8363855 composite?
True
Is 189281 composite?
True
Is 14289647 composite?
True
Is 5253587 a prime number?
True
Is 2578381 a prime number?
False
Is 8621291 composite?
True
Is 2764397 prime?
False
Is 4187527 prime?
False
Is 1512281 composite?
False
Is 23028935 a prime number?
False
Is 2464571 composite?
False
Is 32747473 composite?
True
Is 35743069 a prime number?
True
Is 54956167 a composite number?
True
Is 182311469 a prime number?
False
Is 5301757 prime?
True
Is 19944391 a composite number?
False
Is 9347101 a prime number?
True
Is 386427607 composite?
False
Is 2777101 a composite number?
True
Is 48848929 a prime number?
True
Is 39201583 a composite number?
False
Is 3237781 a prime number?
True
Is 45777 a prime number?
False
Is 7202621 prime?
True
Is 145163939 a composite number?
False
Is 3002717 composite?
True
Is 4282417 a prime number?
False
Is 634776803 prime?
False
Is 454914241 a composite number?
False
Is 161501 prime?
False
Is 17488789 a prime number?
False
Is 77316695 composite?
True
Is 6872989 composite?
True
Is 633234289 prime?
False
Is 4039537 a composite number?
False
Is 23637503 composite?
False
Is 41573723 prime?
False
Is 6913451 composite?
True
Is 10532549 prime?
False
Is 7121831 prime?
False
Is 3506597 prime?
False
Is 17777209 composite?
True
Is 6115973 prime?
True
Is 763699 prime?
True
Is 435051579 a composite number?
True
Is 364356101 composite?
True
Is 4107577 composite?
False
Is 1394821 prime?
True
Is 2300327 prime?
False
Is 27685493 a prime number?
False
Is 15737927 prime?
True
Is 711541 prime?
False
Is 2053001 composite?
False
Is 1249939 a composite number?
False
Is 1391141 a prime number?
False
Is 22022621 a prime number?
False
Is 186012469 a composite number?
False
Is 186287 prime?
False
Is 12263951 a prime number?
False
Is 89764105 a composite number?
True
Is 8714857 prime?
True
Is 40592879 composite?
False
Is 600553 a composite number?
True
Is 4676941 composite?
False
Is 369285181 composite?
True
Is 12364819 prime?
True
Is 15577207 prime?
False
Is 4535087 a prime number?
True
Is 11671379 a prime number?
True
Is 21613269 a composite number?
True
Is 2383149 a composite number?
True
Is 9396553 a composite number?
False
Is 5616869 prime?
True
Is 102684941 prime?
True
Is 3476173 prime?
True
Is 112167917 a prime number?
True
Is 32317627 a composite number?
True
Is 182887 a composite number?
False
Is 118202569 a prime number?
False
Is 171757 composite?
False
Is 383215267 composite?
False
Is 164719 a prime number?
False
Is 12666751 composite?
True
Is 118583 a composite number?
False
Is 1835401 composite?
False
Is 552553 a prime number?
True
Is 24524899 composite?
True
Is 116089733 a composite number?
False
Is 444687877 a composite number?
True
Is 54888037 composite?
False
Is 247475185 a composite number?
True
Is 293675231 a composite number?
False
Is 4273333 composite?
True
Is 3964633 composite?
False
Is 18119 a prime number?
True
Is 1084997 prime?
True
Is 619373 a composite number?
False
Is 1354127 prime?
True
Is 434459 composite?
False
Is 9718829 composite?
False
Is 1043997839 composite?
False
Is 4683209 prime?
True
Is 477116137 composite?
True
Is 62532689 composite?
False
Is 26114939 composite?
True
Is 68297921 composite?
True
Is 193929227 a prime number?
False
Is 458747 a composite number?
False
Is 835301 composite?
True
Is 161570063 a composite number?
True
Is 213170467 a composite number?
False
Is 3041783 prime?
False
Is 16107851 prime?
True
Is 404204387 prime?
False
Is 106487 a composite number?
False
Is 76067699 prime?
False
Is 1582313 composite?
True
Is 14491979 a composite number?
False
Is 690666727 composite?
True
Is 123769357 a composite number?
True
Is 152372531 a prime number?
False
Is 9807869 a composite number?
True
Is 457107141 a composite number?
True
Is 402141239 prime?
False
Is 1910327 composite?
True
Is 1308707 a composite number?
False
Is 243367 composite?
False
Is 97064471 a composite number?
True
Is 84010367 composite?
True
Is 120931831 a prime number?
True
Is 6829931 a composite number?
False
Is 6045509 a composite number?
False
Is 217677467 prime?
False
Is 3001093 composite?
True
Is 11653233 a prime number?
False
Is 113781021 a prime number?
False
Is 10675547 composite?
False
Is 6140671 prime?
True
Is 127215379 composite?
True
Is 173760637 composite?
False
Is 31131119 a composite number?
False
Is 216951701 composite?
False
Is 5276189 composite?
False
Is 34751803 a prime number?
True
Is 1427431 composite?
False
Is 2021234 composite?
True
Is 227627593 composite?
False
Is 9704641 a prime number?
False
Is 84674819 a composite number?
False
Is 84146273 a composite number?
True
Is 3810551 prime?
False
Is 47840243 a composite number?
True
Is 1375901 prime?
True
Is 12593233 composite?
True
Is 5334197 composite?
True
Is 996157 a composite number?
False
Is 14839729 a composite number?
False
Is 103039946 a prime number?
False
Is 70856011 prime?
False
Is 221297 a prime number?
False
Is 139240009 a prime number?
True
Is 3079271 composite?
True
Is 98302613 composite?
True
Is 11897747 a prime number?
True
Is 1965097 a prime number?
False
Is 36632602 a prime number?
False
Is 12277235 composite?
True
Is 19020517 a composite number?
True
Is 2544595 prime?
False
Is 5900461 composite?
True
Is 67027 composite?
True
Is 28831709 a prime number?
False
Is 299287627 composite?
True
Is 5718005 composite?
True
Is 316314253 a prime number?
False
Is 6350207 composite?
True
Is 54176999 a prime number?
False
Is 12162994 a composite number?
True
Is 1491367217 a prime number?
True
Is 11735903 a prime number?
False
Is 27637079 composite?
True
Is 40513061 a composite number?
False
Is 29924423 a composite number?
True
Is 226890481 composite?
False
Is 2324373 a composite number?
True
Is 282999721 a prime number?
True
Is 108422773 a prime number?
False
Is 23349409 a composite number?
False
Is 5580761 prime?
False
Is 96851 a composite number?
False
Is 75575233 prime?
True
Is 2691263 prime?
False
Is 106190465 a composite number?
True
Is 11183539 prime?
True
Is 4881223 composite?
False
Is 3474161 prime?
True
Is 5819327 prime?
True
Is 49207453 a composite number?
True
Is 6514091 prime?
True
Is 6425137 composite?
True
Is 4893415 a prime number?
False
Is 26557813 composite?
True
Is 1129812407 a composite number?
False
Is 361038029 a prime number?
False
Is 27024737 a composite number?
False
Is 327527 composite?
